he remainder when 84201 is divided by 3872?
2889
Calculate the remainder when 1662484 is divided by 78.
70
Calculate the remainder when 401753 is divided by 5414.
1117
What is the remainder when 64261 is divided by 7962?
565
What is the remainder when 15936974 is divided by 9?
8
What is the remainder when 22615433 is divided by 33?
5
What is the remainder when 25019761 is divided by 61173?
4
What is the remainder when 23890862 is divided by 1039?
96
What is the remainder when 350308 is divided by 11878?
5846
What is the remainder when 56202 is divided by 39173?
17029
What is the remainder when 76617 is divided by 38286?
45
Calculate the remainder when 2193087 is divided by 1111.
1084
Calculate the remainder when 691944 is divided by 445.
414
What is the remainder when 1612334 is divided by 106?
74
Calculate the remainder when 62074 is divided by 8780.
614
What is the remainder when 81792477 is divided by 2331?
18
Calculate the remainder when 16966 is divided by 999.
982
What is the remainder when 31060800 is divided by 1785?
15
What is the remainder when 17558 is divided by 14284?
3274
What is the remainder when 96674 is divided by 2288?
578
Calculate the remainder when 3355429 is divided by 188.
5
What is the remainder when 113124 is divided by 1380?
1344
What is the remainder when 2112 is divided by 1916?
196
Calculate the remainder when 974129 is divided by 276.
125
Calculate the remainder when 4510277 is divided by 457.
144
Calculate the remainder when 19989 is divided by 404.
193
What is the remainder when 11059085 is divided by 3686359?
8
What is the remainder when 49855348 is divided by 164539?
31
What is the remainder when 595118 is divided by 21?
20
Calculate the remainder when 1553163700 is divided by 91.
88
What is the remainder when 67425139 is divided by 59?
57
Calculate the remainder when 851435 is divided by 212827.
127
Calculate the remainder when 1177018 is divided by 3748.
146
Calculate the remainder when 1422698 is divided by 7.
4
Calculate the remainder when 372745 is divided by 2271.
301
Calculate the remainder when 215514 is divided by 53859.
78
What is the remainder when 591960 is divided by 84?
12
What is the remainder when 164348224 is divided by 14?
12
Calculate the remainder when 158664689 is divided by 54.
53
What is the remainder when 88626658 is divided by 4688?
18
Calculate the remainder when 2362386 is divided by 214762.
4
What is the remainder when 14898069 is divided by 5?
4
Calculate the remainder when 76140 is divided by 18933.
408
Calculate the remainder when 674948 is divided by 4588.
512
Calculate the remainder when 1075259 is divided by 1559.
1108
Calculate the remainder when 1471794 is divided by 781.
390
What is the remainder when 7148560 is divided by 17?
9
Calculate the remainder when 4327754 is divided by 8074.
90
Calculate the remainder when 4421885 is divided by 2076.
5
What is the remainder when 40173516 is divided by 739?
737
Calculate the remainder when 34878827 is divided by 70.
67
What is the remainder when 13084656 is divided by 21?
18
Calculate the remainder when 28137 is divided by 287.
11
Calculate the remainder when 2281368 is divided by 253482.
30
Calculate the remainder when 10071309 is divided by 10071297.
12
Calculate the remainder when 2618952 is divided by 1643.
10
Calculate the remainder when 68587118 is divided by 186378.
14
Calculate the remainder when 874704 is divided by 2.
0
What is the remainder when 16202438 is divided by 26?
18
What is the remainder when 403887 is divided by 6620?
67
What is the remainder when 129987 is divided by 5492?
3671
Calculate the remainder when 210073092 is divided by 2401.
2399
Calculate the remainder when 1237765 is divided by 758.
709
Calculate the remainder when 5194164 is divided by 934.
190
What is the remainder when 348493 is divided by 302?
287
Calculate the remainder when 689769 is divided by 945.
864
What is the remainder when 16535 is divided by 188?
179
Calculate the remainder when 14502 is divided by 2781.
597
Calculate the remainder when 66446 is divided by 22136.
38
Calculate the remainder when 3280520 is divided by 48.
8
Calculate the remainder when 117733 is divided by 1198.
329
What is the remainder when 10332514 is divided by 684?
10
Calculate the remainder when 6125794 is divided by 302.
26
Calculate the remainder when 313028 is divided by 155648.
1732
Calculate the remainder when 61952320 is divided by 31.
29
Calculate the remainder when 3701 is divided by 3640.
61
What is the remainder when 70887632 is divided by 45?
32
Calculate the remainder when 148336 is divided by 32.
16
What is the remainder when 31750350 is divided by 901?
11
What is the remainder when 34321201 is divided by 19?
0
What is the remainder when 40325998 is divided by 41?
38
What is the remainder when 19753832 is divided by 3199?
7
Calculate the remainder when 383682 is divided by 529.
157
Calculate the remainder when 304877 is divided by 38093.
133
What is the remainder when 550414 is divided by 78330?
2104
Calculate the remainder when 27269 is divided by 416.
229
What is the remainder when 25509 is divided by 6886?
4851
Calculate the remainder when 371919 is divided by 371919.
0
Calculate the remainder when 8406591 is divided by 1918.
1915
Calculate the remainder when 1011288 is divided by 53204.
412
Calculate the remainder when 2392513 is divided by 794.
191
What is the remainder when 50530346 is divided by 1950?
1946
What is the remainder when 58176 is divided by 104?
40
Calculate the remainder when 143875272 is divided by 42.
30
Calculate the remainder when 12313077 is divided by 181.
9
What is the remainder when 89623 is divided by 22120?
1143
Calculate the remainder when 49722 is divided by 3161.
2307
What is the remainder when 10858537 is divided by 17542?
39
Calculate the remainder when 26658734 is divided by 39.
11
What is the remainder when 171975 is divided by 1749?
573
Calculate the remainder when 2070018 is divided by 750.
18
What is the remainder when 3208976 is divided by 38662?
30
Calculate the remainder when 3388052 is divided by 34928.
36
What is the remainder when 11035928 is divided by 943?
942
Calculate the remainder when 114822973 is divided by 14687.
7
What is the remainder when 95682 is divided by 11813?
1178
What is the remainder when 2685861 is divided by 383609?
598
Calculate the remainder when 192251 is divided by 61278.
8417
Calculate the remainder when 6568761 is divided by 81.
66
What is the remainder when 44371079 is divided by 76?
75
Calculate the remainder when 1964018 is divided by 129.
122
What is the remainder when 94757 is divided by 93415?
1342
Calculate the remainder when 48007 is divided by 23972.
63
What is the remainder when 129732711 is divided by 18533243?
10
Calculate the remainder when 2527937 is divided by 1263860.
217
Calculate the remainder when 13044036 is divided by 82.
50
What is the remainder when 11870218 is divided by 3956735?
13
Calculate the remainder when 28501998 is divided by 3569.
3533
What is the remainder when 695164 is divided by 44?
8
Calculate the remainder when 56103 is divided by 2099.
1529
What is the remainder when 98089 is divided by 487?
202
Calculate the remainder when 1035777 is divided by 64736.
1
What is the remainder when 651757 is divided by 108259?
2203
Calculate the remainder when 1172976130 is divided by 449.
448
What is the remainder when 1119929 is divided by 48?
41
Calculate the remainder when 3241991 is divided by 400.
391
Calculate the remainder when 703689 is divided by 72.
33
Calculate the remainder when 3242820 is divided by 1177.
185
Calculate the remainder when 6378414 is divided by 645.
9
Calculate the remainder when 15175025 is divided by 5058319.
68
What is the remainder when 78154 is divided by 5194?
244
Calculate the remainder when 561334 is divided by 70161.
46
What is the remainder when 485475 is divided by 484173?
1302
What is the remainder when 318314120 is divided by 1291?
1287
Calculate the remainder when 1805744 is divided by 1388.
1344
Calculate the remainder when 56513 is divided by 1046.
29
Calculate the remainder when 1301242 is divided by 35.
12
Calculate the remainder when 5070048 is divided by 2460.
2448
What is the remainder when 410392 is d